{"id":4613,"date":"2020-12-01T11:52:32","date_gmt":"2020-12-01T10:52:32","guid":{"rendered":"http:\/\/optik-hippel.de\/wordpress\/?page_id=4613"},"modified":"2025-09-15T12:32:56","modified_gmt":"2025-09-15T10:32:56","slug":"philosophie","status":"publish","type":"page","link":"https:\/\/optik-hippel.de\/wordpress\/philosophie\/","title":{"rendered":"Philosophie"},"content":{"rendered":"<p>[et_pb_section fb_built=&#8220;1&#8243; _builder_version=&#8220;4.16&#8243; background_color=&#8220;#171717&#8243; custom_padding=&#8220;||14px|||&#8220; bottom_divider_color=&#8220;#000000&#8243; bottom_divider_flip=&#8220;horizontal&#8220; global_colors_info=&#8220;{}&#8220;][et_pb_row _builder_version=&#8220;4.16&#8243; custom_margin=&#8220;|auto|12px|auto||&#8220; global_colors_info=&#8220;{}&#8220;][et_pb_column type=&#8220;4_4&#8243; _builder_version=&#8220;4.16&#8243; global_colors_info=&#8220;{}&#8220;][et_pb_text _builder_version=&#8220;4.16&#8243; header_font=&#8220;Cairo|600|||||||&#8220; header_text_color=&#8220;#ffffff&#8220; header_font_size=&#8220;73px&#8220; header_font_size_tablet=&#8220;60px&#8220; header_font_size_phone=&#8220;35px&#8220; header_font_size_last_edited=&#8220;on|phone&#8220; global_colors_info=&#8220;{}&#8220;]<\/p>\n<h1 style=\"text-align: center;\">Unsere Philosophie<\/h1>\n<p>[\/et_pb_text][et_pb_divider divider_position=&#8220;center&#8220; _builder_version=&#8220;4.16&#8243; global_colors_info=&#8220;{}&#8220;][\/et_pb_divider][\/et_pb_column][\/et_pb_row][\/et_pb_section][et_pb_section fb_built=&#8220;1&#8243; prev_background_color=&#8220;#171717&#8243; _builder_version=&#8220;4.16&#8243; _module_preset=&#8220;default&#8220; background_color=&#8220;#dbdbdb&#8220; min_height=&#8220;1004px&#8220; custom_margin=&#8220;||||false|false&#8220; custom_padding=&#8220;100px||||false|false&#8220; top_divider_style=&#8220;slant&#8220; top_divider_flip=&#8220;horizontal&#8220; top_divider_height_tablet=&#8220;50px&#8220; top_divider_height_phone=&#8220;35px&#8220; top_divider_height_last_edited=&#8220;on|phone&#8220; bottom_divider_style=&#8220;slant&#8220; bottom_divider_color=&#8220;#171717&#8243; bottom_divider_flip=&#8220;horizontal&#8220; bottom_divider_height_tablet=&#8220;50px&#8220; bottom_divider_height_phone=&#8220;35px&#8220; bottom_divider_height_last_edited=&#8220;on|phone&#8220; global_colors_info=&#8220;{}&#8220;][et_pb_row column_structure=&#8220;1_2,1_2&#8243; _builder_version=&#8220;4.16&#8243; _module_preset=&#8220;default&#8220; global_colors_info=&#8220;{}&#8220;][et_pb_column type=&#8220;1_2&#8243; _builder_version=&#8220;4.16&#8243; _module_preset=&#8220;default&#8220; global_colors_info=&#8220;{}&#8220;][et_pb_image src=&#8220;https:\/\/optik-hippel.de\/wordpress\/wp-content\/uploads\/2020\/12\/Logo-Hippel-mit-Schrift-in-c4.jpg&#8220; title_text=&#8220;Logo Hippel mit Schrift in c4&#8243; _builder_version=&#8220;4.16&#8243; _module_preset=&#8220;default&#8220; animation_style=&#8220;fold&#8220; animation_duration=&#8220;1200ms&#8220; animation_delay=&#8220;100ms&#8220; box_shadow_style=&#8220;preset2&#8243; box_shadow_horizontal=&#8220;30px&#8220; box_shadow_vertical=&#8220;30px&#8220; box_shadow_blur=&#8220;45px&#8220; box_shadow_spread=&#8220;-26px&#8220; box_shadow_color=&#8220;#730800&#8243; global_colors_info=&#8220;{}&#8220; transform_styles__hover_enabled=&#8220;on|hover&#8220; transform_scale__hover_enabled=&#8220;on|hover&#8220; transform_translate__hover_enabled=&#8220;on|desktop&#8220; transform_rotate__hover_enabled=&#8220;on|desktop&#8220; transform_skew__hover_enabled=&#8220;on|desktop&#8220; transform_origin__hover_enabled=&#8220;on|desktop&#8220; transform_scale__hover=&#8220;105%|105%&#8220;][\/et_pb_image][\/et_pb_column][et_pb_column type=&#8220;1_2&#8243; _builder_version=&#8220;4.16&#8243; _module_preset=&#8220;default&#8220; global_colors_info=&#8220;{}&#8220;][et_pb_text _builder_version=&#8220;4.16&#8243; _module_preset=&#8220;default&#8220; text_text_color=&#8220;#171717&#8243; text_font_size=&#8220;20px&#8220; text_line_height=&#8220;1.5em&#8220; ul_font=&#8220;|600|||||||&#8220; ul_font_size=&#8220;16px&#8220; ul_line_height=&#8220;1.7em&#8220; header_text_color=&#8220;#171717&#8243; header_line_height=&#8220;1.3em&#8220; custom_margin=&#8220;15%||||false|false&#8220; animation_style=&#8220;slide&#8220; animation_direction=&#8220;right&#8220; animation_duration=&#8220;1200ms&#8220; animation_delay=&#8220;150ms&#8220; global_colors_info=&#8220;{}&#8220; transform_styles__hover_enabled=&#8220;on|hover&#8220; transform_scale__hover_enabled=&#8220;on|hover&#8220; transform_translate__hover_enabled=&#8220;on|desktop&#8220; transform_rotate__hover_enabled=&#8220;on|desktop&#8220; transform_skew__hover_enabled=&#8220;on|desktop&#8220; transform_origin__hover_enabled=&#8220;on|desktop&#8220; transform_scale__hover=&#8220;105%|105%&#8220;]<\/p>\n<ul>\n<li><strong>Eine perfekte und ehrliche Beratung am Kunden kann nur erbracht werden, wenn sie losgel\u00f6st von unseren eigenen wirtschaftlichen Interessen stattfindet.<\/strong><\/li>\n<p><\/p>\n<li><strong>Unter Ber\u00fccksichtigung fachlicher Aspekte ist die augenoptische Versorgung individuell auf die Bed\u00fcrfnisse unserer Kunden abgestimmt.<\/strong><\/li>\n<p><\/p>\n<li><strong>Der Gewinn liegt in der Nachhaltigkeit zufriedener Kunden, die uns immer wieder gerne f\u00fcr eine Beratung oder den Kauf einer Brille aufsuchen.<\/strong><\/li>\n<\/ul>\n<p>[\/et_pb_text][\/et_pb_column][\/et_pb_row][\/et_pb_section]<\/p>\n","protected":false},"excerpt":{"rendered":"<p>Unsere Philosophie Eine perfekte und ehrliche Beratung am Kunden kann nur erbracht werden, wenn sie losgel\u00f6st von unseren eigenen wirtschaftlichen Interessen stattfindet. Unter Ber\u00fccksichtigung fachlicher Aspekte ist die augenoptische Versorgung individuell auf die Bed\u00fcrfnisse unserer Kunden abgestimmt. Der Gewinn liegt in der Nachhaltigkeit zufriedener Kunden, die uns immer wieder gerne f\u00fcr eine Beratung oder den [&hellip;]<\/p>\n","protected":false},"author":1,"featured_media":0,"parent":0,"menu_order":0,"comment_status":"closed","ping_status":"closed","template":"","meta":{"_et_pb_use_builder":"on","_et_pb_old_content":"","_et_gb_content_width":"","footnotes":""},"class_list":["post-4613","page","type-page","status-publish","hentry"],"yoast_head":"<!-- This site is optimized with the Yoast SEO plugin v27.5 - https:\/\/yoast.com\/product\/yoast-seo-wordpress\/ -->\n<title>Philosophie - Optik-Hippel | Ihr Optiker in Gl\u00fcckstadt und Umgebung<\/title>\n<meta name=\"description\" content=\"Optik Hippel | Am Fleth 20, 25348 Gl\u00fcckstadt | Tel: 04124 2619. Unsere Philosophie. Brillen, Fassungen, Reparatur, Service.\" \/>\n<meta name=\"robots\" content=\"index, follow, max-snippet:-1, max-image-preview:large, max-video-preview:-1\" \/>\n<link rel=\"canonical\" href=\"https:\/\/optik-hippel.de\/wordpress\/philosophie\/\" \/>\n<meta property=\"og:locale\" content=\"de_DE\" \/>\n<meta property=\"og:type\" content=\"article\" \/>\n<meta property=\"og:title\" content=\"Philosophie - Optik-Hippel | Ihr Optiker in Gl\u00fcckstadt und Umgebung\" \/>\n<meta property=\"og:description\" content=\"Optik Hippel | Am Fleth 20, 25348 Gl\u00fcckstadt | Tel: 04124 2619. Unsere Philosophie. Brillen, Fassungen, Reparatur, Service.\" \/>\n<meta property=\"og:url\" content=\"https:\/\/optik-hippel.de\/wordpress\/philosophie\/\" \/>\n<meta property=\"og:site_name\" content=\"Optik-Hippel | Ihr Optiker in Gl\u00fcckstadt und Umgebung\" \/>\n<meta property=\"article:modified_time\" content=\"2025-09-15T10:32:56+00:00\" \/>\n<meta name=\"twitter:card\" content=\"summary_large_image\" \/>\n<meta name=\"twitter:label1\" content=\"Gesch\u00e4tzte Lesezeit\" \/>\n\t<meta name=\"twitter:data1\" content=\"3\u00a0Minuten\" \/>\n<script type=\"application\/ld+json\" class=\"yoast-schema-graph\">{\"@context\":\"https:\\\/\\\/schema.org\",\"@graph\":[{\"@type\":\"WebPage\",\"@id\":\"https:\\\/\\\/optik-hippel.de\\\/wordpress\\\/philosophie\\\/\",\"url\":\"https:\\\/\\\/optik-hippel.de\\\/wordpress\\\/philosophie\\\/\",\"name\":\"Philosophie - Optik-Hippel | Ihr Optiker in Gl\u00fcckstadt und Umgebung\",\"isPartOf\":{\"@id\":\"https:\\\/\\\/optik-hippel.de\\\/wordpress\\\/#website\"},\"datePublished\":\"2020-12-01T10:52:32+00:00\",\"dateModified\":\"2025-09-15T10:32:56+00:00\",\"description\":\"Optik Hippel | Am Fleth 20, 25348 Gl\u00fcckstadt | Tel: 04124 2619. Unsere Philosophie. Brillen, Fassungen, Reparatur, Service.\",\"breadcrumb\":{\"@id\":\"https:\\\/\\\/optik-hippel.de\\\/wordpress\\\/philosophie\\\/#breadcrumb\"},\"inLanguage\":\"de\",\"potentialAction\":[{\"@type\":\"ReadAction\",\"target\":[\"https:\\\/\\\/optik-hippel.de\\\/wordpress\\\/philosophie\\\/\"]}]},{\"@type\":\"BreadcrumbList\",\"@id\":\"https:\\\/\\\/optik-hippel.de\\\/wordpress\\\/philosophie\\\/#breadcrumb\",\"itemListElement\":[{\"@type\":\"ListItem\",\"position\":1,\"name\":\"Startseite\",\"item\":\"https:\\\/\\\/optik-hippel.de\\\/wordpress\\\/\"},{\"@type\":\"ListItem\",\"position\":2,\"name\":\"Philosophie\"}]},{\"@type\":\"WebSite\",\"@id\":\"https:\\\/\\\/optik-hippel.de\\\/wordpress\\\/#website\",\"url\":\"https:\\\/\\\/optik-hippel.de\\\/wordpress\\\/\",\"name\":\"Optik-Hippel | Ihr Optiker in Gl\u00fcckstadt und Umgebung\",\"description\":\"Ihr sympathischer Optiker in Gl\u00fcckstadt und Umgebung\",\"potentialAction\":[{\"@type\":\"SearchAction\",\"target\":{\"@type\":\"EntryPoint\",\"urlTemplate\":\"https:\\\/\\\/optik-hippel.de\\\/wordpress\\\/?s={search_term_string}\"},\"query-input\":{\"@type\":\"PropertyValueSpecification\",\"valueRequired\":true,\"valueName\":\"search_term_string\"}}],\"inLanguage\":\"de\"}]}<\/script>\n<!-- \/ Yoast SEO plugin. -->","yoast_head_json":{"title":"Philosophie - Optik-Hippel | Ihr Optiker in Gl\u00fcckstadt und Umgebung","description":"Optik Hippel | Am Fleth 20, 25348 Gl\u00fcckstadt | Tel: 04124 2619. Unsere Philosophie. Brillen, Fassungen, Reparatur, Service.","robots":{"index":"index","follow":"follow","max-snippet":"max-snippet:-1","max-image-preview":"max-image-preview:large","max-video-preview":"max-video-preview:-1"},"canonical":"https:\/\/optik-hippel.de\/wordpress\/philosophie\/","og_locale":"de_DE","og_type":"article","og_title":"Philosophie - Optik-Hippel | Ihr Optiker in Gl\u00fcckstadt und Umgebung","og_description":"Optik Hippel | Am Fleth 20, 25348 Gl\u00fcckstadt | Tel: 04124 2619. Unsere Philosophie. Brillen, Fassungen, Reparatur, Service.","og_url":"https:\/\/optik-hippel.de\/wordpress\/philosophie\/","og_site_name":"Optik-Hippel | Ihr Optiker in Gl\u00fcckstadt und Umgebung","article_modified_time":"2025-09-15T10:32:56+00:00","twitter_card":"summary_large_image","twitter_misc":{"Gesch\u00e4tzte Lesezeit":"3\u00a0Minuten"},"schema":{"@context":"https:\/\/schema.org","@graph":[{"@type":"WebPage","@id":"https:\/\/optik-hippel.de\/wordpress\/philosophie\/","url":"https:\/\/optik-hippel.de\/wordpress\/philosophie\/","name":"Philosophie - Optik-Hippel | Ihr Optiker in Gl\u00fcckstadt und Umgebung","isPartOf":{"@id":"https:\/\/optik-hippel.de\/wordpress\/#website"},"datePublished":"2020-12-01T10:52:32+00:00","dateModified":"2025-09-15T10:32:56+00:00","description":"Optik Hippel | Am Fleth 20, 25348 Gl\u00fcckstadt | Tel: 04124 2619. Unsere Philosophie. Brillen, Fassungen, Reparatur, Service.","breadcrumb":{"@id":"https:\/\/optik-hippel.de\/wordpress\/philosophie\/#breadcrumb"},"inLanguage":"de","potentialAction":[{"@type":"ReadAction","target":["https:\/\/optik-hippel.de\/wordpress\/philosophie\/"]}]},{"@type":"BreadcrumbList","@id":"https:\/\/optik-hippel.de\/wordpress\/philosophie\/#breadcrumb","itemListElement":[{"@type":"ListItem","position":1,"name":"Startseite","item":"https:\/\/optik-hippel.de\/wordpress\/"},{"@type":"ListItem","position":2,"name":"Philosophie"}]},{"@type":"WebSite","@id":"https:\/\/optik-hippel.de\/wordpress\/#website","url":"https:\/\/optik-hippel.de\/wordpress\/","name":"Optik-Hippel | Ihr Optiker in Gl\u00fcckstadt und Umgebung","description":"Ihr sympathischer Optiker in Gl\u00fcckstadt und Umgebung","potentialAction":[{"@type":"SearchAction","target":{"@type":"EntryPoint","urlTemplate":"https:\/\/optik-hippel.de\/wordpress\/?s={search_term_string}"},"query-input":{"@type":"PropertyValueSpecification","valueRequired":true,"valueName":"search_term_string"}}],"inLanguage":"de"}]}},"_links":{"self":[{"href":"https:\/\/optik-hippel.de\/wordpress\/wp-json\/wp\/v2\/pages\/4613","targetHints":{"allow":["GET"]}}],"collection":[{"href":"https:\/\/optik-hippel.de\/wordpress\/wp-json\/wp\/v2\/pages"}],"about":[{"href":"https:\/\/optik-hippel.de\/wordpress\/wp-json\/wp\/v2\/types\/page"}],"author":[{"embeddable":true,"href":"https:\/\/optik-hippel.de\/wordpress\/wp-json\/wp\/v2\/users\/1"}],"replies":[{"embeddable":true,"href":"https:\/\/optik-hippel.de\/wordpress\/wp-json\/wp\/v2\/comments?post=4613"}],"version-history":[{"count":9,"href":"https:\/\/optik-hippel.de\/wordpress\/wp-json\/wp\/v2\/pages\/4613\/revisions"}],"predecessor-version":[{"id":5092,"href":"https:\/\/optik-hippel.de\/wordpress\/wp-json\/wp\/v2\/pages\/4613\/revisions\/5092"}],"wp:attachment":[{"href":"https:\/\/optik-hippel.de\/wordpress\/wp-json\/wp\/v2\/media?parent=4613"}],"curies":[{"name":"wp","href":"https:\/\/api.w.org\/{rel}","templated":true}]}}