{"id":4656,"date":"2020-12-01T12:13:21","date_gmt":"2020-12-01T11:13:21","guid":{"rendered":"http:\/\/optik-hippel.de\/wordpress\/?page_id=4656"},"modified":"2021-01-19T11:48:25","modified_gmt":"2021-01-19T10:48:25","slug":"impressum","status":"publish","type":"page","link":"https:\/\/optik-hippel.de\/wordpress\/impressum\/","title":{"rendered":"Impressum"},"content":{"rendered":"<p>[et_pb_section fb_built=&#8220;1&#8243; _builder_version=&#8220;4.6.6&#8243; _module_preset=&#8220;default&#8220; background_color=&#8220;#dbdbdbdb&#8220;][et_pb_row _builder_version=&#8220;4.6.6&#8243; _module_preset=&#8220;default&#8220;][et_pb_column type=&#8220;4_4&#8243; _builder_version=&#8220;4.6.6&#8243; _module_preset=&#8220;default&#8220;][et_pb_text _builder_version=&#8220;4.6.6&#8243; _module_preset=&#8220;default&#8220; header_font=&#8220;|600|||||||&#8220; header_font_size=&#8220;35px&#8220;]<\/p>\n<h1>Impressum<\/h1>\n<p>[\/et_pb_text][\/et_pb_column][\/et_pb_row][et_pb_row column_structure=&#8220;1_2,1_2&#8243; _builder_version=&#8220;4.6.6&#8243; _module_preset=&#8220;default&#8220;][et_pb_column type=&#8220;1_2&#8243; _builder_version=&#8220;4.6.6&#8243; _module_preset=&#8220;default&#8220;][et_pb_text _builder_version=&#8220;4.7.4&#8243; _module_preset=&#8220;default&#8220; text_text_color=&#8220;#171717&#8243; hover_enabled=&#8220;0&#8243; sticky_enabled=&#8220;0&#8243;]<\/p>\n<p><strong>Optik Hippel GmbH<\/strong><br \/> vertreten durch den Augenoptikermeister &amp; Gesch\u00e4ftsf\u00fchrer Arne Greuel<br \/> Am Fleth 20<br \/> 25348 Gl\u00fcckstadt<br \/> Tel.: 04124 \/ 2619<br \/> Fax: 04124 \/ 980898<br \/> Email: <a href=\"mailto:optik-hippel@web.de\">optik-hippel@web.de<\/a><\/p>\n<p><strong>Verantwortlicher im Sinne von \u00a7 18 Abs. 2 MStV:<\/strong><\/p>\n<p>Arne Greuel<br \/>Am Fleth 20<br \/>25348 Gl\u00fcckstadt<br \/>Tel.: 04124 \/ 2619<br \/>E-Mail: <a href=\"mailto:optik-hippel@web.de\">optik-hippel@web.de<\/a><\/p>\n<p>Registergericht: Amtsgericht Itzehoe HRB 1926<\/p>\n<p>Ust.-Idnr.: DE204893933<\/p>\n<p>Zust\u00e4ndige Kammer: Handwerkskammer L\u00fcbeck, Breite Stra\u00dfe 10-12, 23552 L\u00fcbeck<\/p>\n<p>Berufsbezeichnung und berufsrechtliche Regelungen:<br \/> Berufsbezeichnung: Augenoptikermeister (verliehen in der Bundesrepublik Deutschland)<br \/> Es gelten folgende berufsrechtliche Regelungen: Handwerksordnung<br \/> Regelungen einsehbar unter: <a href=\"http:\/\/www.gesetze-im-internet.de\/bundesrecht\/hwo\/gesamt.pdf\">http:\/\/www.gesetze-im-internet.de\/bundesrecht\/hwo\/gesamt.pdf<\/a><br \/> (Zu finden im Bundesgesetzblatt 1, Seite 3074 in der Fassung vom 24.09.1998)<\/p>\n<p>Angaben zu Berufshaftpflichtversicherung:<br \/> Provinzial Versicherung<br \/> 25348 Gl\u00fcckstadt<br \/> Geltungsraum der Versicherung: Deutschland<\/p>\n<p>Inhaltlich Verantwortlicher gem\u00e4\u00df \u00a7 55 Abs. 2 RStV::<br \/> Arne Greuel<br \/> Anschrift wie oben<br \/> Email: <a href=\"mailto:info@optik-hippel.de\">info@optik-hippel.de<\/a><\/p>\n<p><strong>Design &amp; Umsetzung<\/strong><br \/> <a href=\"https:\/\/freiform.com\/\">FREIFORM Marketing<\/a> \u2013 Die Agentur f\u00fcr Augenoptiker<\/p>\n<p>[\/et_pb_text][\/et_pb_column][et_pb_column type=&#8220;1_2&#8243; _builder_version=&#8220;4.6.6&#8243; _module_preset=&#8220;default&#8220;][et_pb_text _builder_version=&#8220;4.7.1&#8243; _module_preset=&#8220;default&#8220; text_text_color=&#8220;#171717&#8243;]<\/p>\n<p><strong>Inhalt des Onlineangebotes<\/strong><br \/> Die Optik Hippel GmbH \u00fcbernimmt keinerlei Gew\u00e4hr f\u00fcr die Aktualit\u00e4t, Korrektheit, Vollst\u00e4ndigkeit oder Qualit\u00e4t der bereitgestellten Informationen. Haftungsanspr\u00fcche gegen die Optik Hippel GmbH, welche sich auf Sch\u00e4den materieller oder ideeller Art beziehen, die durch die Nutzung oder Nichtnutzung der dargebotenen Informationen bzw. durch die Nutzung fehlerhafter und unvollst\u00e4ndiger Informationen verursacht wurden sind grunds\u00e4tzlich ausgeschlossen, sofern seitens der Optik Hippel GmbH kein nachweislich vors\u00e4tzliches oder grob fahrl\u00e4ssiges Verschulden vorliegt. Alle Angebote sind freibleibend und unverbindlich. Die Gesch\u00e4ftsstelle beh\u00e4lt es sich ausdr\u00fccklich vor, Teile der Seiten oder das gesamte Angebot ohne gesonderte Ank\u00fcndigung zu ver\u00e4ndern, zu erg\u00e4nzen, zu l\u00f6schen oder die Ver\u00f6ffentlichung zeitweise oder endg\u00fcltig einzustellen.<\/p>\n<p><strong>Verweise und Links<\/strong><br \/> Bei direkten oder indirekten Verweisen auf fremde Internetseiten (&#8222;Links&#8220;), die au\u00dferhalb des Verantwortungsbereiches der Optik Hippel GmbH liegen, w\u00fcrde eine Haftungsverpflichtung ausschlie\u00dflich in dem Fall in Kraft treten, in dem die Gesch\u00e4ftsstelle von den Inhalten Kenntnis hat und es ihr technisch m\u00f6glich und zumutbar w\u00e4re, die Nutzung im Falle rechtswidriger Inhalte zu verhindern. Die Optik Hippel GmbH erkl\u00e4rt daher ausdr\u00fccklich, dass zum Zeitpunkt der Linksetzung die entsprechenden verlinkten Seiten frei von illegalen Inhalten waren. Die Optik Hippel GmbH hat keinerlei Einfluss auf die aktuelle und zuk\u00fcnftige Gestaltung und auf die Inhalte der gelinkten\/verkn\u00fcpften Seiten. Deshalb distanziert sie sich hiermit ausdr\u00fccklich von allen Inhalten aller gelinkten \/verkn\u00fcpften Seiten, die nach der Linksetzung ver\u00e4ndert wurden. Diese Feststellung gilt f\u00fcr alle innerhalb des eigenen Internetangebotes gesetzten Links und Verweise sowie f\u00fcr Fremdeintr\u00e4ge in von der Optik Hippel GmbH eingerichteten G\u00e4steb\u00fcchern, Diskussionsforen und Mailinglisten. F\u00fcr illegale, fehlerhafte oder unvollst\u00e4ndige Inhalte und insbesondere f\u00fcr Sch\u00e4den, die aus der Nutzung oder Nichtnutzung solcherart dargebotener Informationen entstehen, haftet allein der Anbieter der Seite, auf welche verwiesen wurde, nicht derjenige, der \u00fcber Links auf die jeweilige Ver\u00f6ffentlichung lediglich verweist.<\/p>\n<p><strong>Urheber- und Kennzeichenrecht<\/strong><br \/> Die Optik Hippel GmbH ist bestrebt, in allen Publikationen die Urheberrechte der verwendeten Grafiken, Tondokumente, Videosequenzen und Texte zu beachten, von ihr selbst erstellte Grafiken, Tondokumente, Videosequenzen und Texte zu nutzen oder auf lizenzfreie Grafiken, Tondokumente, Videosequenzen und Texte zur\u00fcckzugreifen. Alle innerhalb des Internetangebotes genannten und ggf. durch Dritte gesch\u00fctzten Marken- und Warenzeichen unterliegen uneingeschr\u00e4nkt den Bestimmungen des jeweils g\u00fcltigen Kennzeichenrechts und den Besitzrechten der jeweiligen eingetragenen Eigent\u00fcmer. Allein aufgrund der blo\u00dfen Nennung ist nicht der Schlu\u00df zu ziehen, dass Markenzeichen nicht durch Rechte Dritter gesch\u00fctzt sind! Das Copyright f\u00fcr ver\u00f6ffentlichte, von der Optik Hippel GmbH selbst erstellte Objekte bleibt allein beim Autor (Optik Hippel GmbH) der Seiten. Eine Vervielf\u00e4ltigung oder Verwendung solcher Grafiken, Tondokumente, Videosequenzen und Texte in anderen elektronischen oder gedruckten Publikationen ist ohne ausdr\u00fcckliche Zustimmung der Optik Hippel GmbH nicht gestattet.<\/p>\n<p><strong>Rechtswirksamkeit dieses Haftungsausschlusses<\/strong><br \/> Dieser Haftungsausschluss ist als Teil des Internetangebotes zu betrachten, von dem aus auf diese Seite verwiesen wurde. Sofern Teile oder einzelne Formulierungen dieses Textes der geltenden Rechtslage nicht, nicht mehr oder nicht vollst\u00e4ndig entsprechen sollten, bleiben die \u00fcbrigen Teile des Dokumentes in ihrem Inhalt und ihrer G\u00fcltigkeit davon unber\u00fchrt.<\/p>\n<p>[\/et_pb_text][\/et_pb_column][\/et_pb_row][\/et_pb_section]<\/p>\n","protected":false},"excerpt":{"rendered":"<p>ImpressumOptik Hippel GmbH vertreten durch den Augenoptikermeister &amp; Gesch\u00e4ftsf\u00fchrer Arne Greuel Am Fleth 20 25348 Gl\u00fcckstadt Tel.: 04124 \/ 2619 Fax: 04124 \/ 980898 Email: optik-hippel@web.de Verantwortlicher im Sinne von \u00a7 18 Abs. 2 MStV: Arne GreuelAm Fleth 2025348 Gl\u00fcckstadtTel.: 04124 \/ 2619E-Mail: optik-hippel@web.de Registergericht: Amtsgericht Itzehoe HRB 1926 Ust.-Idnr.: DE204893933 Zust\u00e4ndige Kammer: Handwerkskammer L\u00fcbeck, [&hellip;]<\/p>\n","protected":false},"author":1,"featured_media":0,"parent":0,"menu_order":0,"comment_status":"closed","ping_status":"closed","template":"","meta":{"_et_pb_use_builder":"on","_et_pb_old_content":"","_et_gb_content_width":"","footnotes":""},"class_list":["post-4656","page","type-page","status-publish","hentry"],"yoast_head":"<!-- This site is optimized with the Yoast SEO plugin v27.3 - https:\/\/yoast.com\/product\/yoast-seo-wordpress\/ -->\n<title>Impressum - Optik-Hippel | Ihr Optiker in Gl\u00fcckstadt und Umgebung<\/title>\n<meta name=\"robots\" content=\"index, follow, max-snippet:-1, max-image-preview:large, max-video-preview:-1\" \/>\n<link rel=\"canonical\" href=\"https:\/\/optik-hippel.de\/wordpress\/impressum\/\" \/>\n<meta property=\"og:locale\" content=\"de_DE\" \/>\n<meta property=\"og:type\" content=\"article\" \/>\n<meta property=\"og:title\" content=\"Impressum - Optik-Hippel | Ihr Optiker in Gl\u00fcckstadt und Umgebung\" \/>\n<meta property=\"og:description\" content=\"ImpressumOptik Hippel GmbH vertreten durch den Augenoptikermeister &amp; Gesch\u00e4ftsf\u00fchrer Arne Greuel Am Fleth 20 25348 Gl\u00fcckstadt Tel.: 04124 \/ 2619 Fax: 04124 \/ 980898 Email: optik-hippel@web.de Verantwortlicher im Sinne von \u00a7 18 Abs. 2 MStV: Arne GreuelAm Fleth 2025348 Gl\u00fcckstadtTel.: 04124 \/ 2619E-Mail: optik-hippel@web.de Registergericht: Amtsgericht Itzehoe HRB 1926 Ust.-Idnr.: DE204893933 Zust\u00e4ndige Kammer: Handwerkskammer L\u00fcbeck, [&hellip;]\" \/>\n<meta property=\"og:url\" content=\"https:\/\/optik-hippel.de\/wordpress\/impressum\/\" \/>\n<meta property=\"og:site_name\" content=\"Optik-Hippel | Ihr Optiker in Gl\u00fcckstadt und Umgebung\" \/>\n<meta property=\"article:modified_time\" content=\"2021-01-19T10:48:25+00:00\" \/>\n<meta name=\"twitter:card\" content=\"summary_large_image\" \/>\n<meta name=\"twitter:label1\" content=\"Gesch\u00e4tzte Lesezeit\" \/>\n\t<meta name=\"twitter:data1\" content=\"4\u00a0Minuten\" \/>\n<script type=\"application\/ld+json\" class=\"yoast-schema-graph\">{\"@context\":\"https:\\\/\\\/schema.org\",\"@graph\":[{\"@type\":\"WebPage\",\"@id\":\"https:\\\/\\\/optik-hippel.de\\\/wordpress\\\/impressum\\\/\",\"url\":\"https:\\\/\\\/optik-hippel.de\\\/wordpress\\\/impressum\\\/\",\"name\":\"Impressum - Optik-Hippel | Ihr Optiker in Gl\u00fcckstadt und Umgebung\",\"isPartOf\":{\"@id\":\"https:\\\/\\\/optik-hippel.de\\\/wordpress\\\/#website\"},\"datePublished\":\"2020-12-01T11:13:21+00:00\",\"dateModified\":\"2021-01-19T10:48:25+00:00\",\"breadcrumb\":{\"@id\":\"https:\\\/\\\/optik-hippel.de\\\/wordpress\\\/impressum\\\/#breadcrumb\"},\"inLanguage\":\"de\",\"potentialAction\":[{\"@type\":\"ReadAction\",\"target\":[\"https:\\\/\\\/optik-hippel.de\\\/wordpress\\\/impressum\\\/\"]}]},{\"@type\":\"BreadcrumbList\",\"@id\":\"https:\\\/\\\/optik-hippel.de\\\/wordpress\\\/impressum\\\/#breadcrumb\",\"itemListElement\":[{\"@type\":\"ListItem\",\"position\":1,\"name\":\"Startseite\",\"item\":\"https:\\\/\\\/optik-hippel.de\\\/wordpress\\\/\"},{\"@type\":\"ListItem\",\"position\":2,\"name\":\"Impressum\"}]},{\"@type\":\"WebSite\",\"@id\":\"https:\\\/\\\/optik-hippel.de\\\/wordpress\\\/#website\",\"url\":\"https:\\\/\\\/optik-hippel.de\\\/wordpress\\\/\",\"name\":\"Optik-Hippel | Ihr Optiker in Gl\u00fcckstadt und Umgebung\",\"description\":\"Ihr sympathischer Optiker in Gl\u00fcckstadt und Umgebung\",\"potentialAction\":[{\"@type\":\"SearchAction\",\"target\":{\"@type\":\"EntryPoint\",\"urlTemplate\":\"https:\\\/\\\/optik-hippel.de\\\/wordpress\\\/?s={search_term_string}\"},\"query-input\":{\"@type\":\"PropertyValueSpecification\",\"valueRequired\":true,\"valueName\":\"search_term_string\"}}],\"inLanguage\":\"de\"}]}<\/script>\n<!-- \/ Yoast SEO plugin. -->","yoast_head_json":{"title":"Impressum - Optik-Hippel | Ihr Optiker in Gl\u00fcckstadt und Umgebung","robots":{"index":"index","follow":"follow","max-snippet":"max-snippet:-1","max-image-preview":"max-image-preview:large","max-video-preview":"max-video-preview:-1"},"canonical":"https:\/\/optik-hippel.de\/wordpress\/impressum\/","og_locale":"de_DE","og_type":"article","og_title":"Impressum - Optik-Hippel | Ihr Optiker in Gl\u00fcckstadt und Umgebung","og_description":"ImpressumOptik Hippel GmbH vertreten durch den Augenoptikermeister &amp; Gesch\u00e4ftsf\u00fchrer Arne Greuel Am Fleth 20 25348 Gl\u00fcckstadt Tel.: 04124 \/ 2619 Fax: 04124 \/ 980898 Email: optik-hippel@web.de Verantwortlicher im Sinne von \u00a7 18 Abs. 2 MStV: Arne GreuelAm Fleth 2025348 Gl\u00fcckstadtTel.: 04124 \/ 2619E-Mail: optik-hippel@web.de Registergericht: Amtsgericht Itzehoe HRB 1926 Ust.-Idnr.: DE204893933 Zust\u00e4ndige Kammer: Handwerkskammer L\u00fcbeck, [&hellip;]","og_url":"https:\/\/optik-hippel.de\/wordpress\/impressum\/","og_site_name":"Optik-Hippel | Ihr Optiker in Gl\u00fcckstadt und Umgebung","article_modified_time":"2021-01-19T10:48:25+00:00","twitter_card":"summary_large_image","twitter_misc":{"Gesch\u00e4tzte Lesezeit":"4\u00a0Minuten"},"schema":{"@context":"https:\/\/schema.org","@graph":[{"@type":"WebPage","@id":"https:\/\/optik-hippel.de\/wordpress\/impressum\/","url":"https:\/\/optik-hippel.de\/wordpress\/impressum\/","name":"Impressum - Optik-Hippel | Ihr Optiker in Gl\u00fcckstadt und Umgebung","isPartOf":{"@id":"https:\/\/optik-hippel.de\/wordpress\/#website"},"datePublished":"2020-12-01T11:13:21+00:00","dateModified":"2021-01-19T10:48:25+00:00","breadcrumb":{"@id":"https:\/\/optik-hippel.de\/wordpress\/impressum\/#breadcrumb"},"inLanguage":"de","potentialAction":[{"@type":"ReadAction","target":["https:\/\/optik-hippel.de\/wordpress\/impressum\/"]}]},{"@type":"BreadcrumbList","@id":"https:\/\/optik-hippel.de\/wordpress\/impressum\/#breadcrumb","itemListElement":[{"@type":"ListItem","position":1,"name":"Startseite","item":"https:\/\/optik-hippel.de\/wordpress\/"},{"@type":"ListItem","position":2,"name":"Impressum"}]},{"@type":"WebSite","@id":"https:\/\/optik-hippel.de\/wordpress\/#website","url":"https:\/\/optik-hippel.de\/wordpress\/","name":"Optik-Hippel | Ihr Optiker in Gl\u00fcckstadt und Umgebung","description":"Ihr sympathischer Optiker in Gl\u00fcckstadt und Umgebung","potentialAction":[{"@type":"SearchAction","target":{"@type":"EntryPoint","urlTemplate":"https:\/\/optik-hippel.de\/wordpress\/?s={search_term_string}"},"query-input":{"@type":"PropertyValueSpecification","valueRequired":true,"valueName":"search_term_string"}}],"inLanguage":"de"}]}},"_links":{"self":[{"href":"https:\/\/optik-hippel.de\/wordpress\/wp-json\/wp\/v2\/pages\/4656","targetHints":{"allow":["GET"]}}],"collection":[{"href":"https:\/\/optik-hippel.de\/wordpress\/wp-json\/wp\/v2\/pages"}],"about":[{"href":"https:\/\/optik-hippel.de\/wordpress\/wp-json\/wp\/v2\/types\/page"}],"author":[{"embeddable":true,"href":"https:\/\/optik-hippel.de\/wordpress\/wp-json\/wp\/v2\/users\/1"}],"replies":[{"embeddable":true,"href":"https:\/\/optik-hippel.de\/wordpress\/wp-json\/wp\/v2\/comments?post=4656"}],"version-history":[{"count":3,"href":"https:\/\/optik-hippel.de\/wordpress\/wp-json\/wp\/v2\/pages\/4656\/revisions"}],"predecessor-version":[{"id":4854,"href":"https:\/\/optik-hippel.de\/wordpress\/wp-json\/wp\/v2\/pages\/4656\/revisions\/4854"}],"wp:attachment":[{"href":"https:\/\/optik-hippel.de\/wordpress\/wp-json\/wp\/v2\/media?parent=4656"}],"curies":[{"name":"wp","href":"https:\/\/api.w.org\/{rel}","templated":true}]}}